{"id":8,"date":"2024-07-05T18:00:22","date_gmt":"2024-07-05T16:00:22","guid":{"rendered":"http:\/\/mariovino.it\/?page_id=8"},"modified":"2025-01-14T11:49:14","modified_gmt":"2025-01-14T10:49:14","slug":"home","status":"publish","type":"page","link":"https:\/\/mariovino.it\/","title":{"rendered":"Home"},"content":{"rendered":"\n<div class=\"container-md section-app\">\n<div class=\"wp-block-columns bs-24vjbC flex-column-reverse flex-md-row is-layout-flex wp-container-core-columns-is-layout-9d6595d7 wp-block-columns-is-layout-flex\">\n<div class=\"wp-block-column _lcl animate__animated is-layout-flow wp-block-column-is-layout-flow\" style=\"flex-basis:45%\" animation=\"animate__fadeInUp\">\n<h5 class=\"wp-block-heading\">Il mio approccio<\/h5>\n\n\n\n<p>Ognuno di noi, durante la propria vita, trova il proprio ritmo, fatto di pensieri, emozioni e comportamenti (le nostre note musicali). Ogni tanto per\u00f2, la nostra melodia non \u00e8 in armonia con noi, o non riesce a darci l\u2019energia che ci serve per affrontare le sfide della vita. Abbiamo bisogno di \u201caccordarci\u201d. Le note musicali che compongono la nostra melodia personale sono il risultato di scelte fatte in diversi momenti della nostra vita, cruciali per risolvere problemi che abbiamo affrontato, per cui non sentivamo di avere alternative. Le nostre emozioni, i nostri pensieri e i nostri comportamenti non sono casuali (anche se spesso non ne sappiamo spiegare la presenza), ma coerenti con le scelte che abbiamo fatto in precedenza, allo scopo sentirci in continuit\u00e0 con noi stessi.<\/p>\n<\/div>\n\n\n\n<div class=\"wp-block-column __v-sep is-layout-flow wp-block-column-is-layout-flow\" style=\"flex-basis:10%\"><\/div>\n\n\n\n<div class=\"wp-block-column _rcl animate__animated is-layout-flow wp-block-column-is-layout-flow\" style=\"flex-basis:45%\" animation=\"animate__fadeInUp\">\n<h2 class=\"wp-block-heading has-x-large-font-size\">&#8220;Accorda&#8221; le tue note e&#8230;<\/h2>\n<\/div>\n<\/div>\n\n\n\n<div class=\"wp-block-columns bs-ZMyRoo is-layout-flex wp-container-core-columns-is-layout-9d6595d7 wp-block-columns-is-layout-flex\">\n<div class=\"wp-block-column _lcl animate__animated bs-HlDxA is-layout-flow wp-block-column-is-layout-flow\" style=\"flex-basis:45%\" animation=\"animate__fadeInUp\">\n<h2 class=\"wp-block-heading has-x-large-font-size\">&#8230;componi la tua armonia<\/h2>\n<\/div>\n\n\n\n<div class=\"wp-block-column is-layout-flow wp-block-column-is-layout-flow\" style=\"flex-basis:10%\"><\/div>\n\n\n\n<div class=\"wp-block-column _rcl animate__animated is-layout-flow wp-block-column-is-layout-flow\" style=\"flex-basis:45%\" animation=\"animate__fadeInUp\">\n<p>Lavorare in questa cornice significa restituire la responsabilit\u00e0 personale rispetto alle scelte di vita che facciamo, cos\u00ec come ritornare ad ascoltare cosa abbiamo dentro di noi, cosa ci diciamo e proviamo, o cosa non vorremmo n\u00e9 ascoltare, n\u00e9 provare. Riappropriarci del nostro corpo, che spesso ignoriamo di avere, per inventare un nuovo ritmo e una nuova melodia.<\/p>\n<\/div>\n<\/div>\n<\/div>\n\n\n\n<div class=\"container-fluid section-wia has-background bs-Z2kCNbW\" style=\"background-color:#374b44\">\n<div class=\"wp-block-columns flex-lg-row flex-column-reverse is-layout-flex wp-container-core-columns-is-layout-9d6595d7 wp-block-columns-is-layout-flex\">\n<div class=\"wp-block-column animate__animated bs-28AlOd d-flex flex-column justify-content-center is-layout-flow wp-block-column-is-layout-flow\" style=\"flex-basis:50%\" animation=\"animate__fadeInUp\">\n<h5 class=\"wp-block-heading has-text-align-left has-white-color has-text-color has-link-color bs-yP8cj wp-elements-7564764fe2247448e3698dedbaa1f084\" style=\"font-style:normal;font-weight:600\">Dr. Mario Vino<\/h5>\n\n\n\n<p class=\"has-white-color has-text-color has-link-color bs-Zcg4BK wp-elements-0ab44ddb4f7c5f134969108762586639\">Psicologo clinico regolarmente abilitato all\u2019esercizio della professione.<br>Credo che ogni persona sia unica in tutto ci\u00f2 che la propria mente costituisce, cos\u00ec come il modo in cui tutti noi stiamo nel mondo. Offro percorsi in grado di cogliere questa unicit\u00e0 e permetterle di avere un proprio spazio libero. Metto in campo, oltre alla tecnica e alle conoscenze acquisite con uno studio continuo e sempre attuale, una presenza, un&#8217;attenzione ed un ascolto umano e dedicato.<br>Mi relaziono alla persona con empatia, forte motivazione, ottime doti relazionali e di ascolto, acuta capacit\u00e0 di osservazione e analisi del linguaggio corporeo e delle risposte non verbali.<\/p>\n<\/div>\n\n\n\n<div class=\"wp-block-column _pfoto is-layout-flow wp-block-column-is-layout-flow\" style=\"flex-basis:50%\">\n<div class=\"mp_dlogo animate__animated\" animation=\"animate__fadeIn\"><\/div>\n<\/div>\n<\/div>\n<\/div>\n\n\n\n<div class=\"container section-cnt\">\n<h2 class=\"wp-block-heading has-text-align-center bs-ZSkUYJ\">Inizia il Tuo Percorso<\/h2>\n\n\n\n<div class=\"wp-block-columns is-layout-flex wp-container-core-columns-is-layout-9d6595d7 wp-block-columns-is-layout-flex\">\n<div class=\"wp-block-column is-layout-flow wp-block-column-is-layout-flow\" style=\"flex-basis:33.33%\">\n<p class=\"_text\">Per richiedere informazioni o prenotare un appuntamento, compila il modulo e sarai ricontattato al pi\u00f9 presto.<\/p>\n\n\n\n<div class=\"cnt_list\">\n    <ul>\n        <li>\n            <i class=\"fa fa-phone\"><\/i>\n            <a href=\"tel:+3513529088\">351 3529088<\/a>\n        <\/li>\n\n        <li>\n            <i class=\"fa fa-envelope\"><\/i>\n            <a href=\"mailto:info@mariovino.it\">info@mariovino.it<\/a>\n        <\/li>\n\n        <li>\n            <i class=\"fa fa-map-marker\"><\/i>\n            <span>Via delle Pree, 40 &#8211; Martellago VE<\/span><br>\n            <span class=\"__note\">si riceve solo su appuntamento<\/span>\n        <\/li>\n    <\/ul>\n<\/div>\n<\/div>\n\n\n\n<div class=\"wp-block-column col_cnt is-layout-flow wp-block-column-is-layout-flow\" style=\"flex-basis:66.66%\">\n<div class=\"wpcf7 no-js\" id=\"wpcf7-f107-o1\" lang=\"it-IT\" dir=\"ltr\">\n<div class=\"screen-reader-response\"><p role=\"status\" aria-live=\"polite\" aria-atomic=\"true\"><\/p> <ul><\/ul><\/div>\n<form action=\"\/index.php?rest_route=%2Fwp%2Fv2%2Fpages%2F8#wpcf7-f107-o1\" method=\"post\" class=\"wpcf7-form init\" aria-label=\"Modulo di contatto\" novalidate=\"novalidate\" data-status=\"init\">\n<div style=\"display: none;\">\n<input type=\"hidden\" name=\"_wpcf7\" value=\"107\" \/>\n<input type=\"hidden\" name=\"_wpcf7_version\" value=\"5.9.8\" \/>\n<input type=\"hidden\" name=\"_wpcf7_locale\" value=\"it_IT\" \/>\n<input type=\"hidden\" name=\"_wpcf7_unit_tag\" value=\"wpcf7-f107-o1\" \/>\n<input type=\"hidden\" name=\"_wpcf7_container_post\" value=\"0\" \/>\n<input type=\"hidden\" name=\"_wpcf7_posted_data_hash\" value=\"\" \/>\n<\/div>\n<div class=\"__row\">\n    <span class=\"wpcf7-form-control-wrap\" data-name=\"your-name\"><input size=\"40\" maxlength=\"400\" class=\"wpcf7-form-control wpcf7-text wpcf7-validates-as-required\" autocomplete=\"name\" aria-required=\"true\" aria-invalid=\"false\" placeholder=\"Nome\" value=\"\" type=\"text\" name=\"your-name\" \/><\/span>\n    <span class=\"wpcf7-form-control-wrap\" data-name=\"your-surname\"><input size=\"40\" maxlength=\"400\" class=\"wpcf7-form-control wpcf7-text wpcf7-validates-as-required\" autocomplete=\"surname\" aria-required=\"true\" aria-invalid=\"false\" placeholder=\"Cognome\" value=\"\" type=\"text\" name=\"your-surname\" \/><\/span>\n  <\/div>\n\n  <div class=\"__row\">\n    <span class=\"wpcf7-form-control-wrap\" data-name=\"your-email\"><input size=\"40\" maxlength=\"400\" class=\"wpcf7-form-control wpcf7-email wpcf7-validates-as-required wpcf7-text wpcf7-validates-as-email\" autocomplete=\"email\" aria-required=\"true\" aria-invalid=\"false\" placeholder=\"E-mail\" value=\"\" type=\"email\" name=\"your-email\" \/><\/span>\n    <span class=\"wpcf7-form-control-wrap\" data-name=\"your-phone\"><input size=\"40\" maxlength=\"400\" class=\"wpcf7-form-control wpcf7-tel wpcf7-validates-as-required wpcf7-text wpcf7-validates-as-tel\" aria-required=\"true\" aria-invalid=\"false\" placeholder=\"Telefono\" value=\"\" type=\"tel\" name=\"your-phone\" \/><\/span>\n  <\/div>\n\n    <span class=\"wpcf7-form-control-wrap\" data-name=\"your-subject\"><input size=\"40\" maxlength=\"400\" class=\"wpcf7-form-control wpcf7-text wpcf7-validates-as-required\" aria-required=\"true\" aria-invalid=\"false\" placeholder=\"Oggetto\" value=\"\" type=\"text\" name=\"your-subject\" \/><\/span>\n\n    <span class=\"wpcf7-form-control-wrap\" data-name=\"your-message\"><textarea cols=\"40\" rows=\"10\" maxlength=\"2000\" class=\"wpcf7-form-control wpcf7-textarea\" aria-invalid=\"false\" placeholder=\"Messaggio\" name=\"your-message\"><\/textarea><\/span>\n\n <button type=\"button\" class=\"mv_btn\" id=\"cfbs\"> invia <\/button>\n\n  <input class=\"wpcf7-form-control wpcf7-submit has-spinner\" type=\"submit\" value=\"Invia\" \/><div class=\"wpcf7-response-output\" aria-hidden=\"true\"><\/div>\n<\/form>\n<\/div>\n\n<\/div>\n<\/div>\n<\/div>\n","protected":false},"excerpt":{"rendered":"<p> [&#8230;]<\/p>\n<p><a class=\"btn btn-secondary understrap-read-more-link\" href=\"https:\/\/mariovino.it\/\">Read More&#8230;<span class=\"screen-reader-text\"> from Home<\/span><\/a><\/p>\n","protected":false},"author":1,"featured_media":0,"parent":0,"menu_order":0,"comment_status":"closed","ping_status":"closed","template":"page-templates\/no-title.php","meta":{"footnotes":""},"class_list":["post-8","page","type-page","status-publish","hentry"],"_links":{"self":[{"href":"https:\/\/mariovino.it\/index.php?rest_route=\/wp\/v2\/pages\/8","targetHints":{"allow":["GET"]}}],"collection":[{"href":"https:\/\/mariovino.it\/index.php?rest_route=\/wp\/v2\/pages"}],"about":[{"href":"https:\/\/mariovino.it\/index.php?rest_route=\/wp\/v2\/types\/page"}],"author":[{"embeddable":true,"href":"https:\/\/mariovino.it\/index.php?rest_route=\/wp\/v2\/users\/1"}],"replies":[{"embeddable":true,"href":"https:\/\/mariovino.it\/index.php?rest_route=%2Fwp%2Fv2%2Fcomments&post=8"}],"version-history":[{"count":151,"href":"https:\/\/mariovino.it\/index.php?rest_route=\/wp\/v2\/pages\/8\/revisions"}],"predecessor-version":[{"id":202,"href":"https:\/\/mariovino.it\/index.php?rest_route=\/wp\/v2\/pages\/8\/revisions\/202"}],"wp:attachment":[{"href":"https:\/\/mariovino.it\/index.php?rest_route=%2Fwp%2Fv2%2Fmedia&parent=8"}],"curies":[{"name":"wp","href":"https:\/\/api.w.org\/{rel}","templated":true}]}}